(-1). Let y be k(t). Let v = -22 + 34. Calculate the greatest common factor of v and y.
12
Suppose 4*m = t - 39, -3*t - 5*m - 66 = -5*t. Let b = 0 + 23. Calculate the highest common divisor of t and b.
23
Let m(t) = 19*t**2 + 9*t + 12. Let u be m(-3). What is the highest common factor of 39 and u?
39
Let a = 23 + 17. Suppose -u = -0*u - 4. Suppose -u*s - s = -a. Calculate the greatest common divisor of 56 and s.
8
Suppose 0 = 2*q - 2*k - 6534, -3*q = -2*k - 3225 - 6573. Let j be q/78 + 2/13. What is the highest common divisor of j and 21?
21
Suppose 0 = 5*c - 10*c + f + 227, -5*f = -2*c + 100. Let d = c + 15. What is the highest common divisor of d and 15?
15
Suppose 3*x - 4*u - 146 = 0, 2*x - 106 = -x - 4*u. Calculate the greatest common factor of 28 and x.
14
Let a(y) = -4*y - 8. Let w be a(-4). What is the highest common divisor of 72 and w?
8
Let v = 10 - -8. Suppose -j + 3*o = -30, 5*o - 38 = -3*j + 80. What is the greatest common factor of v and j?
18
Suppose -3*f + 6 = -3. Let u be -6 + f + 39*3. Suppose 3*w + w - 2*x = u, -4*w + 5*x + 129 = 0. What is the greatest common divisor of 39 and w?
13
Let t = -25 + 115. Let y be (3/(-2))/(3/(-36)). Calculate the greatest common factor of y and t.
18
Let l(f) = -f. Let d(m) = 23*m - 1. Let j = 2 + -1. Let t(b) = j*d(b) + l(b). Let c be t(1). Calculate the greatest common factor of c and 7.
7
Let k be (-35)/(-11) - 2/11. Suppose -4*o + 3 = -k*a, -3*a = o - 6*o + 6. Calculate the greatest common divisor of 24 and a.
3
Suppose 6*j - 7*j + 6 = 0. Suppose -3*w + 12 = -j*w. Let d be 9 - -2*(-2)/w. Calculate the greatest common divisor of 90 and d.
10
Let d(a) = 2*a**2 - 3*a - 13. Let b be d(7). Calculate the greatest common factor of b and 16.
16
Suppose 4*g = -4*z + 292, 3*z - 218 = -0*z - 2*g. Suppose 0 = 5*w - 35 - 55. Calculate the greatest common divisor of w and z.
18
Let r(o) = -17*o - 1. Let x be r(-8). Calculate the greatest common divisor of x and 15.
15
Let x be (5/3)/((-3)/(-27)). What is the greatest common factor of x and 120?
15
Let g = 23 + -8. Let w = 22 - g. Suppose w*d - 2*d = 50. What is the greatest common divisor of 90 and d?
10
Suppose -45 - 100 = 5*o. Let s = o + 46. Suppose d + 3*d - 748 = 0. What is the greatest common divisor of s and d?
17
Suppose 4*l - 15 - 17 = 0. What is the highest common factor of 16 and l?
8
Suppose 2*h - 120 = -3*h. Suppose -2 = 4*g - 10. Let c be 1/g*(-24)/(-4). What is the highest common factor of h and c?
3
Suppose -3*t = -2*t. Let b(q) = 41*q**2 + 1. Let i be b(-1). Suppose i = -t*h + 2*h. Calculate the highest common divisor of h and 7.
7
Suppose o + o - 6 = 0. Suppose 2*z + o*z - 30 = 0. Let t be (2/2)/(8/120). What is the greatest common divisor of z and t?
3
Let i = 6 + -4. Suppose i*c = a + 4, 3*c + 3 = a + 10. Suppose -a*w = -w - 3*k - 15, 2*w + 2*k = 14. Calculate the greatest common divisor of 63 and w.
9
Let s(n) = n**2 - 12*n - 6. Let l be s(13). What is the highest common divisor of 28 and l?
7
Let f = 2 + 1. Suppose -3*u + 4*a + 0*a = -30, -f*a + 9 = 3*u. Calculate the greatest common factor of 6 and u.
6
Suppose 3*w + 12 - 42 = 0. Calculate the greatest common divisor of w and 10.
10
Let r = -235 + 360. Let n = r + -71. Let b = 1 + 5. Calculate the greatest common factor of n and b.
6
Let v be (-90)/(-9)*(-2)/(-4)*2. Suppose 0*b + 4*b + 60 = 0. Let z be -20*(2 - b/(-2)). Calculate the greatest common factor of v and z.
10
Suppose 0*b - b + 1 = 0. Let i be 9 + -3 + -2 + 0. Let h(u) = -u + 5. Let v be h(i). What is the highest common divisor of v and b?
1
Let k(t) be the first derivative of t**4/4 + 13*t**3/3 + 10*t - 4. Let q be k(-12). Calculate the greatest common divisor of 14 and q.
14
Suppose 3*n = -2*n + 20. Calculate the greatest common factor of n and 8.
4
Let d be (-3)/(-15)*0 + 3. Calculate the highest common factor of 9 and d.
3
Suppose 2*b - 5*b - 36 = 0. Let p be (b/(-5))/((-2)/(-10)). What is the greatest common factor of 3 and p?
3
Let s be 4/(-18) - (-1740)/54. Calculate the greatest common divisor of s and 8.
8
Suppose -p - 8 = p - 2*c, -4*p - 44 = 3*c. Let q be (p/6)/((-22)/99). Calculate the highest common divisor of 4 and q.
2
Let l be 32 - ((-60)/(-25) + -2)*-10. Calculate the highest common divisor of 54 and l.
18
Suppose 214 = 5*g + 2*s, -g + 3*g + 5*s - 73 = 0. What is the highest common divisor of 11 and g?
11
Let p = 11 - 6. Suppose 8 = -p*c + 58. What is the highest common divisor of c and 40?
10
Let c be 8/(16/6)*21. What is the greatest common factor of c and 105?
21
Let o be 2/10 - 88/(-10). Calculate the greatest common divisor of 3 and o.
3
Suppose -2*q - 4*w + 37 = 11, -4*q + 52 = -2*w. What is the highest common factor of q and 52?
13
Let v = 17 + -12. Calculate the highest common divisor of v and 25.
5
Let l = -107 + -35. Let v be -3 + 0 + l/(-2). Calculate the greatest common divisor of 17 and v.
17
Let b = -144 + 232. Let z(y) = -y**3 - 3*y**2 - 4*y - 1. Let g be z(-3). What is the greatest common divisor of g and b?
11
Let z be 48 + (-5 - (-5 - -3)). What is the greatest common factor of 18 and z?
9
Suppose 0 = -0*z + 2*z - 8. Suppose 5*q + 145 = -0*u + u, 2*q + 80 = -z*u. Let p be (q/8)/(2/(-8)). What is the highest common divisor of 5 and p?
5
Suppose -15*x = -21*x + 96. Calculate the highest common divisor of 4 and x.
4
Let n = 1 - -3. Let l(v) = -v**2 + 5*v + 4. Let m be l(n). Let z(q) = 2*q**2 - 9*q + 8. Let f be z(m). Calculate the highest common divisor of 16 and f.
16
Let x(z) = z**2 + z + 7. Suppose 4*r + 0*r = -4*p - 4, -2*p = -r - 13. Let n be x(r). Calculate the highest common factor of 9 and n.
9
Let w = 7 + 14. Let l be ((-14)/w)/(4/(-54)). Suppose d - 5 = 2*p + l, 2*d - 26 = 5*p. Calculate the highest common divisor of d and 27.
9
Let j(p) = -2*p**3 - 11*p**2 - p - 12. Let t be j(-6). What is the highest common factor of 6 and t?
6
Suppose 2*u + 3 = -r, 5*u - 2*u = -5*r + 6. Calculate the greatest common divisor of r and 6.
3
Let p = -10 - -16. Let x = p - 3. What is the highest common factor of 3 and x?
3
Let u = 31 - 23. Calculate the highest common divisor of 56 and u.
8
Suppose 30 = 4*t - 186. Let j(q) = q**2 + 14*q - 42. Let u be j(-17). What is the highest common divisor of u and t?
9
Let q(t) = 8*t**3 - t. Let b = 3 - 2. Let v be q(b). Let l be 1280/90 - 4/18. Calculate the greatest common factor of l and v.
7
Suppose 0 = 4*d + 2 + 2, -3*n + 128 = 4*d. What is the highest common factor of n and 4?
4
Let y = 42 + -69. Let b = y - -97. Calculate the highest common divisor of b and 10.
10
Let w = -133 - -174. What is the highest common factor of w and 328?
41
Let m = -32 - -56. Let p(c) = -5*c - 23. Let r be p(-7). Calculate the highest common divisor of m and r.
12
Let r be (-156)/(-10)*(-15)/(-6). What is the greatest common factor of 26 and r?
13
Let d(b) = 9*b + 1. Suppose -q + 2 = -4. Let j be d(q). What is the highest common factor of j and 5?
5
Let h(b) = 3*b + 4. Let d be h(12). Calculate the greatest common divisor of 8 and d.
8
Suppose -3*p - 69 = -2*x, 4*x - 2*x + p = 65. Calculate the highest common divisor of 231 and x.
33
Suppose -3*z + 21 = 6. Let u = -5 + 11. Suppose 0 = 3*x + 3*b, z*x + b - 2 = u. Calculate the greatest common divisor of x and 16.
2
Let q(s) = 14*s + 5. Let n be q(2). What is the greatest common divisor of n and 88?
11
Let j = 448 + -168. What is the highest common factor of j and 40?
40
Suppose -u = -6*u + 225. Calculate the greatest common divisor of u and 30.
15
Let w(n) = 14*n**2 - n + 1. Let h be w(-2). Suppose -3*i = 3*m - 31 + 10, 3*i + h = 5*m. Calculate the highest common divisor of 20 and m.
10
Suppose -4*p - 2 = -6. Let u be (-7)/(1 - 2) - p. Suppose h - u = -h. Calculate the highest common divisor of h and 2.
1
Suppose 0 = 2*r + 2*r. Suppose 3*x + r*x = 3. Let i be (-57)/(-12) - (-2)/8. Calculate the highest common divisor of i and x.
1
Let b(i) = i - 1. Let s be b(5). Suppose s*f + 14 = 4*c - 3*c, -14 = -c - 4*f. What is the highest common factor of c and 14?
14
Suppose -5*s - 430 = -4*q, -6*q - 3*s + 99 = -5*q. Let m = -33 + q. Calculate the highest common divisor of 48 and m.
24
Suppose o + 56 = 3*o + 4*x, o = 5*x + 35. Let h = 25 + -13. What is the highest common divisor of h and o?
6
Let b = 4 + 1. Suppose -13*a + 22*a - 